sor of x and l?
5
Suppose -7 = -4*u + 9. Let l be (-36)/((-1)/((-3)/(-2))). Suppose 2*m + u*a - 59 = -m, 3*m + 3*a = l. Calculate the greatest common factor of 104 and m.
13
Let y(m) = 2*m**2 - 2*m + 1. Let a be y(-3). Let f be 905/a + 1/(-5). Let z be (-8)/28 - 86/(-7). What is the highest common factor of f and z?
12
Suppose 0*q - 2*q = -8, -2*i - 4*q + 92 = 0. Suppose 0 = -5*j - 175 + 650. Calculate the highest common divisor of i and j.
19
Suppose -4*q = -7*a + 2*a - 425, -12 = -4*a. What is the greatest common divisor of 10 and q?
10
Let r(y) = -2*y**3 + 2*y**2 - 2*y + 1. Let p be r(4). Let n = -171 - p. Let i = -46 - n. What is the highest common divisor of 33 and i?
11
Let l = -12 - -17. Let z(n) = n**2 - n + 5. Let k be z(5). Suppose a = v + 13, -k = -4*a - v - 4*v. What is the highest common factor of a and l?
5
Let n = 70 - -47. Let a = -7 - -20. Calculate the greatest common divisor of n and a.
13
Let b be (-3*5/(-15))/((-1)/(-6)). What is the highest common factor of 2 and b?
2
Suppose 3*c + 2*t - t - 11 = 0, 0 = -3*t + 15. Suppose k + c*q = 4*q + 25, -76 = -4*k - 4*q. Calculate the highest common factor of 168 and k.
21
Let o(p) = -p**3 - 8*p**2 - 8*p - 4. Let f be o(-7). Suppose -5*k - f = -103. What is the highest common factor of 60 and k?
20
Suppose 2*a + 67 + 3 = 0. Let c = 51 + a. Calculate the greatest common factor of 144 and c.
16
Suppose -5*f + f + 64 = 0. Let g = -22 - -54. What is the highest common factor of f and g?
16
Let j be (52/(-8))/(2/(-4)). Suppose 5*x - 438 = 17. What is the greatest common divisor of x and j?
13
Suppose 0 = 2*b - 3*b + 10. Let l be (-4 - -22)/(3/b). Suppose -2*k + 7 = -5*f, k + 2*f - 14 = -k. What is the highest common divisor of l and k?
6
Let d(i) = 2*i**2 - i + 20. Let c be d(7). Calculate the highest common factor of c and 37.
37
Let v = -20 - -27. What is the greatest common divisor of v and 77?
7
Let h(u) = -u**3 + 3*u**2 - 4*u + 2. Let k be h(2). Let c be 1*(-1)/k*18. Suppose -b = -124 + 52. Calculate the greatest common factor of b and c.
9
Suppose 89 = 2*w + 27. Suppose 0 = k - 3, -u + w = 7*k - 2*k. What is the highest common divisor of u and 24?
8
Let b(u) be the first derivative of -u**3/3 - 7*u**2 + 3*u - 5. Let r be b(-5). Calculate the greatest common divisor of r and 16.
16
Let i be (-10)/35 + (-1486)/(-7). Suppose -2*x - i = -4*h + 2*x, -h - x + 43 = 0. Calculate the highest common divisor of h and 32.
16
Suppose 40 = 2*i - 2*r, 4*i = -3*r - 2 + 89. Calculate the highest common factor of i and 21.
21
Suppose 0 = 2*u + 5*c - 160, -5*u + 3*u = -5*c - 180. What is the highest common factor of u and 17?
17
Let u = 29 - -5. What is the greatest common divisor of u and 85?
17
Suppose 6*v = 470 + 202. Calculate the highest common factor of 14 and v.
14
Let z(h) = h + 1. Let y(i) = 16*i + 20. Let m(b) = -y(b) + 20*z(b). Let n be m(7). Suppose -10*q + 4*q = -24. Calculate the greatest common factor of q and n.
4
Let l(v) = -v**2 - 6*v + 5. Let o be l(-5). Calculate the highest common factor of o and 30.
10
Suppose 1 = 3*x - 11. Let b = x + -4. Suppose b = 4*r - 4, 5*r + 13 = 7*w - 5*w. Calculate the greatest common factor of w and 9.
9
Let j = -3 + 6. Suppose -j*w + 87 - 12 = 0. Let k = -15 + w. Calculate the greatest common factor of k and 15.
5
Suppose 8*a - 4 = 7*a. Suppose -v = -a*v + 210. Let z = 29 + -15. What is the greatest common factor of z and v?
14
Let c(j) = j**2 + 3*j - 14. Let y be c(-6). Let x = 0 + 4. What is the greatest common factor of y and x?
4
Suppose 3*w - 2*i = 9, 2*w + 0*w - 3*i - 1 = 0. Suppose w*r - 11 = v, -5 = 2*v - 3*v + r. Let j = 37 - 19. What is the highest common divisor of j and v?
9
Let t = 33 - 10. Suppose -4*z + t + 10 = -3*n, -z = 2*n. What is the highest common divisor of z and 2?
2
Let l be (0 + (2 - -1))*16. Suppose 7*u + 64 = 11*u. What is the greatest common factor of l and u?
16
Let l = -24 - -40. Calculate the highest common divisor of 32 and l.
16
Let r = 30 - -8. Suppose 3*z + 2*s + r = 4*z, 2*s = -3*z + 146. Suppose -5*t + 24 + z = 0. Calculate the highest common factor of 84 and t.
14
Let o = -9 + 59. Calculate the greatest common factor of 20 and o.
10
Let s(c) = c**2 - c + 1. Let t be s(0). Let r(g) = 5*g**2 - g. Let x be r(t). Calculate the greatest common divisor of 36 and x.
4
Suppose 2*x - 225 = -x. Let p = -18 + 48. Calculate the greatest common factor of x and p.
15
Let h(i) = -i + 5. Let o be h(4). Let j be (-20)/(-6) + 1/(-3). What is the highest common divisor of j and o?
1
Suppose 3*g - 19 = -4. Let r be g + 0 + (-6 - -3). What is the greatest common factor of r and 4?
2
Let v = -70 + 130. Let w be 3/3*(-1 - -16). What is the greatest common divisor of w and v?
15
Suppose 3*m + 0*p - p - 65 = 0, -m - 2*p + 10 = 0. What is the greatest common divisor of 10 and m?
10
Let s = -29 + 30. Calculate the greatest common factor of s and 3.
1
Let k be 4/10 - 692/(-20). Calculate the highest common divisor of 7 and k.
7
Suppose i + o - 30 = -o, -4*i = o - 99. What is the highest common factor of 16 and i?
8
Let r = 38 - 29. Calculate the highest common divisor of 18 and r.
9
Suppose 0 = -7*d + 5*d + 10. What is the highest common divisor of 80 and d?
5
Suppose -5*n = 198 - 558. What is the highest common factor of 8 and n?
8
Let w(n) = 6*n - 34. Let x be w(9). Calculate the greatest common divisor of x and 80.
20
Let n(i) = 2*i**2 + 4*i. Let h be n(-5). Let l(v) = -v - 1. Let o be l(-5). Let f be o/(-8)*0 + 45. Calculate the greatest common factor of h and f.
15
Let z(m) = -m**3 - m**2 + 3*m. Let n be z(-3). Let h be -24*(12/n)/(-2). Suppose -2*b = -b - h. Calculate the greatest common factor of b and 16.
16
Let t be (30/3)/((-4)/(-6)). Let j = -41 + 14. Let x be (j/(-6))/(9/60). What is the greatest common divisor of x and t?
15
Suppose -6*u + 2*u + 4*s + 16 = 0, -16 = -4*s. Suppose 3*x + 20 = u*x. What is the greatest common factor of x and 4?
4
Suppose -4*f + 48 = 16. Let p(i) = -8*i. Let z be (-15)/6 + 3/6. Let b be p(z). Calculate the greatest common divisor of f and b.
8
Let s(o) = 3*o - 10. Let v be s(5). What is the greatest common factor of v and 5?
5
Let b be (-4 - (1 - 1))*-1. Calculate the greatest common factor of b and 2.
2
Let u be (4/(-10))/(13/(-65)). Let g(h) = -h**2 + 10*h - 6. Let v be g(4). What is the highest common factor of u and v?
2
Let m(q) = 11 - 9 + 8 + q + 10. Let t be m(-13). Calculate the highest common factor of t and 35.
7
Let h(u) = -u**3 - 8*u**2 + u - 8. Let g = -16 + 8. Let b be h(g). Let c be (-572)/b*(3 - -1). Calculate the greatest common divisor of c and 13.
13
Let i = 28 - 20. What is the greatest common factor of i and 16?
8
Let p(o) = -o**2 - 13*o - 6. Let c be p(-12). Suppose -91 = 2*f - c*f - 5*q, -q + 98 = 5*f. What is the highest common factor of 38 and f?
19
Let m = -2 - -3. Calculate the highest common factor of 1 and m.
1
Let v be (6/9)/(4/1674). Calculate the highest common divisor of v and 31.
31
Let x be (-10 + 9)*(1 - 1). Suppose x = -2*f + 7*f - 750. What is the greatest common divisor of f and 30?
30
Let p be -1*5*4/(-5). Suppose 0 = -2*g - h + 1, -5*h - 1 = p*g - 0. Let x = 32 + -28. What is the greatest common divisor of g and x?
1
Let m = 73 + -51. What is the highest common divisor of m and 220?
22
Suppose -12 = -3*n + 5*n. Let t(f) = -21*f + 4 - 6 - 7. Let a be t(n). What is the highest common factor of a and 13?
13
Let f(u) = -7*u + 40. Let h be f(5). Let j be (3*1)/(2/10). What is the highest common divisor of j and h?
5
Suppose -5*h = -2*h + 3*r + 39, 4*h - r = -47. Suppose -2*l + 6*l = -16. Let s be ((-18)/l)/((-9)/h). Calculate the highest common factor of 6 and s.
6
Let l(r) = r**2 + 5*r - 10. Let g be l(-7). Suppose -g*u + 90 = u. Suppose 3*n + f - 82 = 0, f + 0 = 1. Calculate the highest common factor of n and u.
9
Let v(t) = 3 - 4 + 5*t - 4 + 1. Let p be v(5). What is the greatest common divisor of p and 231?
21
Suppose -h - 2*a = 4, -a - 2 = -0*h - 4*h. Suppose b + h*b = -s - 2, -2*s = 4*b + 14. Suppose -j + 23 = -4. Calculate the highest common factor of s and j.
3
Let j(o) = -1 + 9*o**2 - 5 + 5 + o**3. Let u be j(-8). Let z(s) = -s + 4. Let a be z(-5). What is the greatest common divisor of u and a?
9
Suppose -6*d + 94 = -2*d + 2*p, -3*d + 51 = -5*p. Wha